 7 + -1 + -1. Let v(z) = 8*z + 5. Let n be v(7). Suppose 16 - n = -c*u. What is the highest common factor of u and 75?
15
Suppose -2*b - 5*n = 32, 3*b - 4*b - n = 16. Let k = 53 + b. Calculate the highest common divisor of k and 333.
37
Suppose 0 = -38*j + 37*j + 182. Calculate the highest common divisor of 39 and j.
13
Suppose -u = -4*c + 19, 0*u - 10 = -5*c + 4*u. Let n = -14 - -9. Let t(f) = -4*f + 4. Let i be t(n). Calculate the greatest common divisor of i and c.
6
Suppose -3*p - 2*v = -101 + 20, 2*v - 52 = -2*p. What is the greatest common divisor of p and 203?
29
Suppose k - g + 43 = 0, -4*k + g = 5*g + 132. Let j = -32 - k. What is the greatest common factor of 48 and j?
6
Let x(o) = -17*o + 2. Let n(j) = 18*j - 1. Let h(s) = 4*n(s) + 3*x(s). Let v be h(-2). Let k = -10 - v. What is the greatest common divisor of k and 12?
6
Let u = 47 - 99. Let s = 127 + u. Suppose 6*d - 200 = 2*d. Calculate the highest common divisor of d and s.
25
Suppose -2*s + 2*g = -12, 0*s + s + 6 = -2*g. Let p be (-1)/((-30)/14 - -2). Let t be (p - 13)*(-4)/s. What is the greatest common divisor of 8 and t?
4
Let f(j) = -j**2 - 10*j + 18. Let p be (5 + 6/2)/(0 - 1). Let o be f(p). Calculate the highest common factor of 68 and o.
34
Suppose 10*z - 6 = 9*z. Suppose -5*m = -8*m + z. Let q = m - -9. What is the greatest common divisor of 1 and q?
1
Suppose 2*q - 23*f = -19*f + 108, 3*q + 5*f = 173. Calculate the highest common divisor of 80 and q.
8
Let i be (-16)/((-80)/(-6) - 14). Let c = 19 - 13. Let o(x) = 2*x - 9. Let v be o(c). What is the highest common divisor of i and v?
3
Let u = 179 - 143. Calculate the highest common factor of u and 84.
12
Suppose 3*n = -3*u - 27, -n + 13 = -3*n + 3*u. Let x be (-525)/(-20) + (-6)/n. Let v = x + -12. What is the highest common divisor of 150 and v?
15
Suppose -215 = -0*g - 4*g - 5*b, 3*b = -3. Suppose -22*r - g = -33*r. What is the greatest common factor of r and 65?
5
Let k(m) = 8*m**2 - 4*m. Suppose 4*d - 27 = 5. Let h = 11 - d. Let r be k(h). Calculate the highest common divisor of r and 12.
12
Suppose 8*i + 303 = 3*k + 3*i, -4*i = -2*k + 204. Let t = 224 - k. What is the greatest common divisor of 32 and t?
32
Let u(q) = -q**3 - 5*q**2 + 11*q. Let d be u(6). Let l be ((-2)/(-10))/((-6)/d). What is the greatest common divisor of l and 66?
11
Let d(t) = 97*t**2 - 50*t - 49. Let l be d(-1). What is the greatest common divisor of l and 2?
2
Let w be 4/10*5 - -4. Let c = w + -1. Calculate the highest common factor of 35 and c.
5
Let w be 0 + (21 - -1 - 2). Let z be (-1)/((-8)/w - (-77)/205). Calculate the highest common factor of z and 41.
41
Let d = -32 - -24. Let i be ((-2)/d*6)/((-9)/(-18)). Calculate the highest common factor of i and 2.
1
Let y(m) = 6*m - 3. Let x = 9 + -3. Let i be y(x). Calculate the highest common factor of 132 and i.
33
Suppose 0 = c - 4*w - 290, -w - 587 = -2*c - 0*w. What is the greatest common factor of c and 42?
42
Let r(g) = -g**2 + 10*g + 48. Let k be r(10). What is the greatest common factor of k and 128?
16
Suppose 632 = 2*d - 4*f, -34*f + 4 = -35*f. Calculate the greatest common factor of d and 14.
14
Let j = -29 + 74. Suppose -m = -4 - 6. Suppose g = -m + j. What is the greatest common factor of 14 and g?
7
Let t be (20/8 + 0)*4. Suppose 4*m - 120 = m. Calculate the highest common divisor of m and t.
10
Let g be 2*(186/4)/3. Let l = 61 - g. Calculate the greatest common divisor of l and 30.
30
Suppose 3*z - 137 = -z + 3*q, 3*q = 3. Let y = 201 - 194. What is the highest common factor of z and y?
7
Let v = -38 - -22. Let b = 6 - v. Calculate the greatest common divisor of b and 22.
22
Let d(w) = -w + 6. Let y be d(-8). Calculate the highest common divisor of y and 126.
14
Let y(o) = 120*o + 518. Let x be y(14). What is the greatest common divisor of 14 and x?
14
Suppose 4*z = h - 23, 3*z = -2*h - 2*z - 6. Let o(r) = -4*r**3 + 2*r - 3. Let c be o(2). Let a = 87 + c. What is the highest common factor of h and a?
7
Suppose 3*n - 294 = -0*n. Let z(h) = -h**3 + 7*h**2 + 8*h - 76. Let u be z(5). Calculate the greatest common factor of n and u.
14
Suppose 4*d + 113*o - 60 = 115*o, 5*o = 4*d - 48. Suppose 3*g - 4*b = 557, -5*b + 275 + 478 = 4*g. Calculate the greatest common factor of g and d.
17
Suppose -5 = -4*g + 19. Let x = -65 - -71. Let v be -7 + x - 16/(-1). Calculate the greatest common factor of v and g.
3
Let g(m) = m**3 + 7*m**2 - 8*m. Let h be g(-8). Suppose i - 3*i + 176 = h. What is the greatest common factor of 11 and i?
11
Let v be ((-92)/(-10))/(-3 + 289/85). What is the highest common divisor of 989 and v?
23
Suppose -5*c = -r + 15, 4*c + 0*c - 5*r = -12. Let u(t) = -27*t + 3. Let g be u(c). Let v = -70 - -98. Calculate the highest common divisor of v and g.
28
Suppose 0 = -n + 3 + 95. Suppose 11*q + 26*q - 9065 = 0. What is the highest common factor of q and n?
49
Let p = 905 + -505. What is the highest common factor of 25 and p?
25
Let v = -9 - -2. Let f = 9 + v. Suppose -f*y + y = -1. What is the greatest common factor of y and 11?
1
Suppose 26*s - 39*s = -299. Calculate the greatest common factor of 23 and s.
23
Let x = 935 + -749. Calculate the highest common factor of 434 and x.
62
Suppose 3*k = 4*k - 2. Suppose 0 = -2*b + 2*l + 38, -3*b + k*l - l + 65 = 0. Suppose -3*y + 7 = -b. Calculate the greatest common divisor of y and 25.
5
Let w = 196 - 192. Calculate the greatest common divisor of 324 and w.
4
Let j be (-4 + -1)*(-42)/35. Suppose 324 = -3*a + j*a. What is the highest common factor of a and 36?
36
Let q = -5 - -15. Let i = q + -6. Suppose m = -i*d + 27, 4*d = 3*m - m + 42. What is the greatest common factor of d and 72?
8
Suppose -3*c - 2*x + 112 = -18, 0 = 3*c + x - 125. Let v be (10 + -16)*(0 + -5). Let t be v/(1 + 0 + (-2)/(-4)). What is the greatest common factor of t and c?
20
Suppose 16*j = 11*j + 85. Calculate the highest common divisor of j and 34.
17
Let c(u) = -31*u - 1. Let q be c(-1). Let m = 295 + -111. Let t = m - q. What is the highest common factor of t and 22?
22
Suppose 5*f - 249 + 174 = 0. What is the highest common divisor of f and 25?
5
Suppose 2*k = 2*w - 2*k - 6, 5*w - 3*k = 8. Let j be w/(-1 - 480/(-483)). Let b be j/(-2) + (-3)/6. What is the greatest common factor of b and 16?
16
Let v(d) = 25*d**2 - d + 6. Let h be v(2). Calculate the greatest common divisor of h and 182.
26
Let z be ((-368)/276)/((-4)/9). What is the greatest common divisor of z and 597?
3
Suppose -3*v + 5*t = -8815, -27*v + 22*v + 14741 = 4*t. Calculate the highest common divisor of 62 and v.
31
Suppose 2*x + 8 = -6. Let z be (-30)/x - (-6)/(-21). Let p(q) = -q**2 - 10*q. Let g be p(-8). Calculate the greatest common factor of z and g.
4
Let f(o) = 4*o + 36*o + 3 + 71*o - 4. Let s be f(1). Let b = 55 + -45. What is the greatest common divisor of b and s?
10
Let o = 58 - 2. What is the highest common divisor of 32 and o?
8
Let p(m) = m + 14. Let b be p(-15). Let j be b/4 - (-2865)/20. Calculate the highest common divisor of 13 and j.
13
Let b(y) = y**2 + 2*y + 1. Let q(f) = -2*f**2 + 2. Let d(m) = 4*b(m) + q(m). Let c be d(-7). What is the greatest common divisor of 16 and c?
16
Suppose 16 + 214 = 5*b + 5*n, b - 4*n = 41. Suppose 2*g + a - 4*a - 93 = 0, 183 = 4*g - 3*a. What is the greatest common factor of b and g?
45
Let k(f) = -f**2 - f + 52. Let m be k(-7). Let z = -192 - -272. What is the highest common divisor of z and m?
10
Let d(u) = -510*u + 6. Let l be d(-1). Calculate the greatest common factor of l and 24.
12
Suppose 3*j - 44 = -j. Let d be (6/(-24))/(2/332)*-14. Suppose 0 = 7*x - d - 35. What is the greatest common divisor of j and x?
11
Suppose 9*c - 10*c + 60 = 0. Suppose 8*i - c = 4*i. Let l = 65 - 5. What is the greatest common divisor of i and l?
15
Suppose -u = n - 4, -51 = -4*u - 0*u + 3*n. Suppose -2*i + 27 + 25 = 0. Suppose j = -u + i. What is the highest common factor of 85 and j?
17
Suppose -2*n + 5*n - 117 = 0. Suppose -3*m - 6 + 16 = -5*d, 2*d = 8. Suppose -s + m = 5*i - 4*i, i - 23 = -2*s. Calculate the highest common divisor of s and n.
13
Let h be (-2)/2*3*-45. Let w be (-20)/(-110) + 326/22. What is the highest common factor of w and h?
15
Suppose -b = -3*c, -5*b + 3*c + 35 = -13. Suppose -4*i = -b + 4. What is the highest common div